8 + 641. Let n(k) = -1 + 2 - k + 3. Let d be n(f). Calculate the greatest common divisor of 11 and d.
11
Suppose 119*x - 8370 = 110*x. What is the highest common divisor of x and 30?
30
Suppose 7*h + 1063 - 10373 = 0. Calculate the greatest common factor of h and 70.
70
Let u(p) = -p**3 + 2*p. Let n be u(-3). Let c = 37 - n. Calculate the greatest common divisor of 160 and c.
16
Let r = -240 + 124. Let l(n) = -42*n - 8. Let p be l(6). Let u = r - p. What is the highest common factor of 16 and u?
16
Let p = 204 - 201. What is the greatest common factor of p and 75?
3
Let q(v) = -v + 1. Let m(f) = 7*f - 3. Let a(w) = m(w) + 6*q(w). Let i be a(-3). Suppose i*k + 270 = 3*k. What is the highest common divisor of k and 9?
9
Let b(m) = -m**3 - 9*m**2 - 2*m - 13. Let a be b(-9). Suppose 1 = a*c - 19. Let f be ((-126)/c)/((-4)/8). Calculate the highest common factor of f and 7.
7
Let g be (2384/(-1490))/((-4)/15). Suppose -5*v + 25 = -35. What is the greatest common divisor of g and v?
6
Let w(u) = -u**3 - 17*u**2 + 17*u - 16. Let x be w(-18). Let f be ((-46)/4*-1)/(x/4). What is the highest common divisor of f and 115?
23
Let y = -66 - -96. Let c be (200/12)/(-6 + 111/18). What is the highest common divisor of c and y?
10
Let u(j) = j**2 - 5*j - 6. Let r be u(6). Suppose -3*p = -r*p - 90. Calculate the highest common divisor of 6 and p.
6
Let g(m) = -2*m**3 + 73*m**2 + 116*m - 44. Let n be g(38). Calculate the greatest common factor of 1 and n.
1
Let b be (13/(-2))/(1/(-2)). Calculate the greatest common divisor of b and 91.
13
Suppose 8*g + t - 279 = 4*g, 2*t = 5*g - 352. Let w be -68 - (4/(-4) + 2). Let m = -55 - w. Calculate the greatest common factor of g and m.
14
Let q(f) = 13*f - 68. Let b be q(16). What is the greatest common factor of b and 60?
20
Suppose 2*x = 5*i - 231, 3*i - i - 102 = 4*x. Let f be (12/8)/((-3)/(-4)). Let k be 656/36 - f/9. What is the highest common factor of k and i?
9
Suppose -959 = -3*s + 5*p, -p + 874 = 2*s + 239. What is the highest common divisor of 6 and s?
6
Let j = 13 + -8. What is the greatest common factor of 70 and j?
5
Let k be 62/6 - (-8)/(-24). Let u = -93 - -89. Let j = k - u. Calculate the greatest common factor of j and 2.
2
Let w(x) = x**3 - 3*x**2 - 52*x - 12. Let d be w(9). What is the highest common divisor of d and 426?
6
Let i(k) = 7*k + 33. Let x be i(16). Calculate the greatest common divisor of x and 29.
29
Let a = -1127 + 1337. What is the greatest common divisor of a and 294?
42
Suppose -828 + 96 = -4*q. Calculate the highest common divisor of 3 and q.
3
Let o be (-4)/(-20) + 44/5. Let s = 78 + -60. What is the greatest common factor of o and s?
9
Let s(c) = -c**3 + 8*c**2 + 8*c + 11. Let f be (-1 + 1 + 1)*3. Suppose -f*p + 27 = -0*p. Let y be s(p). What is the greatest common factor of 6 and y?
2
Let a(k) = k**2 + 9*k + 33. Let s be a(-10). Let n = 55 - s. Calculate the highest common factor of 84 and n.
12
Let c = 102 - 70. Let p = 2246 - 2198. What is the highest common divisor of p and c?
16
Suppose -5*j - 86 = -m, -m + 3*j = 4*j - 62. Calculate the greatest common divisor of 132 and m.
66
Suppose -2*t - 5 = 3. Let l be (-21469)/(-63) - t/18. What is the greatest common divisor of l and 31?
31
Let o be 1/3 - (-26)/3. Suppose -m = 2*s - 5, -5*m - 15 = s + 5. Let x = s - -58. Calculate the greatest common factor of o and x.
9
Let c(r) = -14*r - 105. Let q be c(-18). What is the highest common divisor of q and 21?
21
Let b(a) = -a - 8. Let o be b(-7). Let m be 58 - ((-7 - -4) + o). Calculate the highest common factor of 155 and m.
31
Let x = 1187 - 1125. What is the highest common divisor of x and 682?
62
Suppose w + 3 = 4*v, v - 3*w = -v - 11. Suppose 0 = v*s - 4*g - 162 - 22, 5*g = -5. What is the greatest common factor of 60 and s?
30
Let b(o) = o**2 - 6*o + 2. Let q be b(6). Suppose 2*f + q*h = -11 + 37, f = -3*h + 15. What is the highest common factor of f and 4?
4
Suppose 0 = 22*g + g - 1012. Calculate the greatest common factor of 748 and g.
44
Let s be 6 - (-174)/116*(-112)/(-6). What is the greatest common factor of 1241 and s?
17
Let n be 10/(-15) + 494/3. Calculate the highest common divisor of 82 and n.
82
Let s(r) = -r**3 + 27*r**2 + 27*r + 56. Let d be s(28). What is the greatest common factor of 392 and d?
28
Let y = 440 - 295. What is the greatest common divisor of 15 and y?
5
Let v = -637 + 653. Let y be (1 + -7)*(-23 + -1). Calculate the greatest common divisor of v and y.
16
Suppose 210 = 4*j - 2*p, 4*p - 181 = -2*j - 51. Let t(u) = -31*u - 11. Let k be t(-2). Let g = k - 46. What is the highest common factor of j and g?
5
Suppose -2*q + 7*q - n - 95 = 0, -50 = -2*q - 2*n. Let c(g) = -15 + 9*g + 26*g + 4*g. Let o be c(5). What is the highest common factor of o and q?
20
Suppose 4*v - 540 - 136 = 0. Calculate the greatest common factor of 52 and v.
13
Let c = 49 - 22. Suppose 16*i - 12*i - 72 = 0. Suppose 15*d = i*d - 27. Calculate the highest common divisor of d and c.
9
Let z = -117 + 56. Let i = -52 - z. What is the highest common divisor of 27 and i?
9
Let p = 44 - -61. What is the greatest common factor of 140 and p?
35
Suppose 0 = s - 5*f - 79, -404 = -4*s + 15*f - 17*f. What is the greatest common factor of 9 and s?
9
Suppose -41*f = 16*f - 2565. Calculate the highest common factor of 1305 and f.
45
Suppose 0 = -23*m + 1888 + 1401. Calculate the highest common divisor of 44 and m.
11
Suppose 4*z = 43 + 85. Let d = -2 - -18. What is the highest common divisor of d and z?
16
Let w(r) = -5*r**3 - 2*r**2 + 0 + 1 - r**3. Let o be w(-1). Let h be (15/9 - -2)/((-67)/(-1005)). What is the greatest common factor of o and h?
5
Suppose 15*p - 18*p = -24. Suppose 4*v - 112 = 2*v. What is the highest common divisor of p and v?
8
Suppose -3*p + 7 = 5*c - 40, 0 = -5*p - 2*c + 53. Calculate the greatest common divisor of 162 and p.
9
Let r(n) = -n**2 - 12*n + 14. Let p be r(-9). Let b = 53 - p. What is the highest common divisor of 48 and b?
12
Let i(j) = -2*j - 2. Let k be i(-5). Let h = k + -7. Calculate the highest common divisor of 11 and h.
1
Let x = 110 + -92. Suppose -f = -2*w - 16, 2*w - 86 = -5*f + x. Calculate the highest common factor of f and 30.
10
Suppose -4*g + 127 - 115 = 0. Suppose l = g*a - 2*l - 66, 4 = -2*l. What is the highest common factor of 50 and a?
10
Let n = -8 + 33. Let a = 37 - n. Calculate the highest common divisor of 132 and a.
12
Suppose j - 16 = -2*n - 2*n, 3*n - 22 = -2*j. Suppose r - 2 = -3. Let q be 0 + -1 - 3/r. What is the highest common divisor of j and q?
2
Let a(f) = -27*f + 4. Let n be a(-2). Calculate the greatest common divisor of 116 and n.
58
Let y be (369/(-6))/(3 - (-42)/(-12)). What is the highest common divisor of y and 533?
41
Let m be 6/(-2) + (-2 - 1). Let q(c) = c**2 + 3*c - 5. Let b be q(m). Calculate the highest common divisor of 13 and b.
13
Suppose 63 - 591 = -6*c. Calculate the greatest common divisor of 506 and c.
22
Let s(w) = -2*w + 39. Let y be s(-23). Suppose 2 = -2*j, n - 6*n - 5*j = -y. Calculate the highest common divisor of n and 234.
18
Suppose 3*v = -2*v + 3*l + 6, -5*v - 2*l = -21. Let y be (-5 + v)/(0 + (-2)/4). What is the greatest common factor of y and 10?
2
Let d = -11 + 16. Suppose -d = 4*n - 5*g + 5, -4*g + 8 = 0. Suppose n = -2*f + y + 18 + 5, 50 = 5*f - y. Calculate the highest common factor of 3 and f.
3
Suppose 14 = 4*f + 10. Let c(g) = -g**3 + 7*g**2 - 5*g - 5. Let b be c(6). What is the highest common factor of f and b?
1
Let d be 1*(-1990)/15 - 2/6. Let a be (-2)/(-10) - d/35. Calculate the greatest common factor of a and 36.
4
Let x be 488/10*(161/14 - 9). Suppose -l + 382 = 3*k, 7*k - x = 6*k + l. Calculate the highest common factor of k and 84.
42
Let z be -2 + (7 - -2*(2 + -3)). Suppose -10 = -5*g, -z*g + 8*g = n + 6. Calculate the highest common divisor of 2 and n.
2
Suppose 5*x = 0, 41 = -2*z + 3*z - 4*x. Suppose 5*o - z = 119. Suppose 55 = 4*p - 73. Calculate the greatest common divisor of p and o.
32
Suppose -7*a + 2*a + 75 = 0. Calculate the greatest common divisor of 255 and a.
15
Suppose -1453*v = -1451*v - 30. What is the highest common divisor of 6 and v?
3
Let g be -7 + 2 - (-42 + -1 + -2). Calculate the greatest common divisor of 8 and g.
8
Let y be 39/9 + -3 + 36296/156. Calcula